). Is (h/9)/(4/6) a composite number?
False
Let a be (1 + 3 + -3)*-1 + 5. Suppose -a*o + 4209 = c, 0*c - c + 4214 = 5*o. Is c a prime number?
False
Let y(v) = 450*v + 724981. Is y(0) composite?
True
Let w = -5590 - -7870. Let g(c) = c + 6. Let o be g(-3). Suppose o*b = 2691 + w. Is b composite?
False
Let b(c) = -c - 4. Let d be b(-6). Suppose d*j + 79066 = 4*j - 3*q, 0 = 2*q - 8. Is j a composite number?
True
Is 1431884228/184*4/34 a prime number?
True
Let o(g) = 24*g**2 - 509*g - 32. Is o(-47) a prime number?
True
Let g = -278 + 285. Suppose 0 = 3*z - g*z - q + 37391, 4*z = 4*q + 37376. Is z a composite number?
True
Let v(r) = 772*r**2 - 1. Suppose -6*u + 36 = -9*u. Let l(y) = y**3 + 11*y**2 - 13*y - 13. Let h be l(u). Is v(h) composite?
True
Let b = -97 - -51. Let c = b - -108. Suppose 109 = 3*f - c. Is f prime?
False
Suppose 12*k = -72, 88*k - 8573230 = -4*z + 83*k. Is z a composite number?
True
Let g(a) = -9*a + 1031. Let f(z) = -26*z + 3092. Let x(q) = 4*f(q) - 11*g(q). Is x(0) a composite number?
True
Let l = 50 - 47. Let b be l - 2 - 3/(0 + -3). Suppose -b*i - 409 = -1895. Is i a prime number?
True
Suppose 3*i - 69 = -3*j, 2*i + j - 54 = -7. Let a be (-10)/(-15)*(-3)/(-2). Let q = a + i. Is q composite?
True
Let y = 61 - 59. Suppose -3*b + y*c = -5*b - 942, 5*b - 5*c + 2405 = 0. Is ((-9)/(-24))/((-6)/b)*4 prime?
False
Let x = -44 + 49. Suppose 0 = -5*g - x*s - 145, 70 = -4*g + 2*g + 4*s. Let u = g - -100. Is u prime?
False
Let i(u) = -2*u + 20. Let p be i(10). Let t be -64 + -3 - -1 - p. Is ((-22)/t)/((-1)/(-879)) composite?
False
Suppose -9*j = -43834 - 20678. Suppose -2*l - 7174 = -5*g, -4*g - g + 4*l = -j. Suppose -7*q = -g - 1343. Is q a composite number?
False
Let d = 116 - 111. Suppose -k + 820 = k + 2*b, -d*k + 2077 = -4*b. Is k composite?
True
Let n(q) = 15 + 347*q + 10*q + 252*q + 4 + 475*q. Suppose 3*b = 3*d + 6, -5*d - 14 = -5*b - 4*d. Is n(b) prime?
True
Let a = 47724 + 17053. Is a prime?
False
Let m = 75 + -73. Let s(z) = -194*z - 124. Let h(c) = 65*c + 41. Let y(r) = m*s(r) + 7*h(r). Is y(14) composite?
False
Let f(m) = m**3 + 7*m**2 - 5*m. Let z be f(-7). Suppose -20 = -5*v + z. Suppose -v*s + 7809 = -3092. Is s a prime number?
True
Let p = -82 - -96. Let r be p*((-2)/(-4) + -1). Let i(u) = -2*u**3 - u**2 + 13*u + 5. Is i(r) a prime number?
False
Let g be 3/9*(-22 + 1). Let f be g*(-9)/(315/1010). Suppose 0 = 3*a - w - f, 3*a - 2*a - 59 = 2*w. Is a prime?
False
Let y be (2 + (-33)/12)*40/(-15). Is 1080 + (-25)/5 - y prime?
False
Let c be -3*-2*(-20)/12. Let l(y) = -y**3 - 11*y**2 - 13*y - 16. Let t be l(c). Suppose p - 425 = t. Is p prime?
True
Let l be (12/(-9) - -1)*-6*4629. Suppose 86*y + l = 92*y. Is y a composite number?
False
Suppose -5*d - 37891 = -3*h, 144*h - 146*h + 4*d + 25258 = 0. Is h a composite number?
False
Let b(w) = -2347*w - 6660. Is b(-71) a composite number?
False
Is (5182/6)/(5/(-5655)*-13) prime?
False
Let x(w) = -w**3 - 8*w**2 + w + 10. Let i be x(-8). Suppose -5*c - 2*d = -i*c - 8161, 0 = 2*d - 4. Is c a prime number?
True
Suppose 5*k - 13 = -x, -2*x = 13*k - 18*k + 19. Suppose 0 = 3*j + j - 8, -35201 = -5*w - k*j. Is w composite?
False
Let j(y) = 105*y**2 - 77*y - 59. Is j(26) a composite number?
True
Is ((-10)/85 - 100641/(-153))*(-4 - -25) a prime number?
False
Let r(m) = 2310*m**2 + 7*m + 18. Is r(5) a prime number?
True
Let y = -1064 - -2550. Suppose -n + y = 5*q, -5*n - 2*q = -q - 7502. Is n a composite number?
True
Let c be (-1*(-16392)/(-8))/(-1). Suppose -2*t + 3*x + 1742 = -c, -3801 = -2*t + x. Is t prime?
False
Let x(d) = d**2 + 14*d + 26. Suppose -3*b - 30 - 11 = 5*v, 5*v = -5. Let z be x(b). Suppose z*h + 0*h - 96 = 2*j, 4*h - j = 207. Is h prime?
True
Let p = 9596 + 27. Is p prime?
True
Suppose 4*s - 373 = 2*l - 1667, 0 = 3*l - 3*s - 1950. Is l prime?
True
Is 11800 + (-4)/16*-16 - (-6)/(-2) prime?
True
Let g(t) = 333*t - 127. Let w(z) = 83*z - 32. Let p(d) = 2*g(d) - 9*w(d). Suppose 2*q = -4*m - 50, -2 = 4*m - 4*q + 54. Is p(m) composite?
False
Is ((-5578764)/(-54))/(46/207) composite?
False
Let j(v) = -2*v**2 + 9*v - 1. Let s be j(4). Suppose -s*z = 0, 0 = -3*q + 2*z - 0*z - 30. Is 8/q*1065/(-6) a composite number?
True
Let z = -252183 - -496382. Is z a composite number?
False
Let n(v) = -305*v - 8. Is n(-18) prime?
False
Is (-6)/10*58242480/(-144) prime?
True
Let h(l) = -2*l**3 - 11*l**2 + 8*l + 3. Suppose 0 = -r - 6*m + 2*m - 10, 0 = 3*r - 2*m - 40. Let i = r - 18. Is h(i) composite?
True
Let q be (28/(-6))/(26/273). Let w = q + 51. Suppose w*r - 1893 = -r. Is r a composite number?
False
Let h be 1/(2*5/(-530)). Let g = -44 - h. Suppose -p - 5*d = -2*d - 578, 0 = -3*d - g. Is p prime?
True
Let d(r) be the first derivative of 245*r**3/3 + 7*r**2/2 - 13*r + 71. Is d(4) prime?
False
Let z = -6 + 10. Let m be 22/14 - (-10)/(-70)*-3. Suppose -a + z*n = -4*a + 161, -m*a = n - 104. Is a composite?
True
Let g(r) = -28 + 131 + 235*r + 78. Is g(20) prime?
False
Let v(l) = 1269*l**2 + 121*l + 31. Is v(10) a composite number?
True
Suppose 4*d - 4529 = 2*s + 3713, -d + 4*s = -2071. Is d a prime number?
False
Let l = 473289 + -55292. Is l a prime number?
True
Suppose 24*h + 225 = 39*h. Suppose h*u + 29263 = 28*u. Is u composite?
False
Is ((-5935344)/(-60))/((-8)/(-130)) prime?
False
Suppose -391199 = -147*v + 5265013 + 2662959. Is v prime?
False
Let z be (1176/(-63))/((-1)/(-3)). Is (7/(z/(-92)))/((-1)/(-58)) a composite number?
True
Suppose h + 84*x - 86*x - 113887 = 0, -569463 = -5*h - 4*x. Is h a composite number?
False
Let n(k) = 1526*k**2 - 71*k - 1256. Is n(-13) a prime number?
True
Let n = 3422 - 13147. Let m = -1818 - n. Is m composite?
False
Is 56/(-14) + (0 - -44102 - -3) a prime number?
True
Let y(c) = 35*c**2 - 264*c + 398. Is y(83) a composite number?
True
Let y(z) be the second derivative of z**5/10 - 25*z**4/24 + 17*z**3/6 - 18*z. Let h(c) be the second derivative of y(c). Is h(18) a composite number?
False
Suppose -5*s - 77874 = -i, i - 50*s - 77867 = -52*s. Is i prime?
False
Suppose 0 = 3*i - 4*y + 3, 3 = -3*i - 2*y - 0*y. Is (-6597 + 3 - 3)*i + 1 composite?
True
Let t(n) = 63*n + 41. Let j = 133 + -125. Is t(j) composite?
True
Suppose -2*m - 2*w = 3396, m = -2*m + w - 5078. Let n = m - -2936. Suppose -3*l + 2*l - 5*t + 651 = 0, -2*l + 5*t = -n. Is l a composite number?
False
Let x(j) = -10656*j + 1745. Is x(-16) prime?
False
Let b(v) = 78*v**2 + 3*v - 7. Let q be b(-6). Suppose -2*k + 9231 = 5*c, 3*c + 3*k - q - 2752 = 0. Is c a prime number?
True
Suppose 0 = 14*i - 20 + 76. Is (-4238)/4*(-1)/i*-8 a composite number?
True
Suppose -8 = 5*n + 17. Is 89*n/(-5 - 0) composite?
False
Let t(g) = -5645*g + 288. Is t(-5) prime?
True
Suppose 5*l = a - 93, l = 3*a + 3*l - 296. Suppose -2*y + 360 = a. Is y a prime number?
True
Let m = -63 + 68. Let x be 140/175 - (-6)/m. Suppose -r - 4*u = -483, u - 5*u = x*r - 982. Is r composite?
False
Suppose -18 - 2 = -5*b. Suppose 0 = -b*u + 1181 + 4483. Suppose 3*s + u = 11*s. Is s a prime number?
False
Let o = 3332657 + -1575948. Is o a prime number?
True
Let y be (-12)/16 + 46/8. Let p = -16 + 16. Suppose p = n + 2*b - 98, -y*n + 476 + 62 = -2*b. Is n composite?
True
Let z(a) = -836*a - 51. Suppose 5*i - 2*k = -10, 4*i + 4*k = 2*k - 26. Is z(i) composite?
True
Suppose 2*v + w = -161, -420 = -0*v + 5*v - w. Let x = -702 - -746. Let t = x - v. Is t composite?
False
Let t(h) = 11*h + 10. Let p(l) = 32*l + 29. Let z(y) = 4*p(y) - 11*t(y). Let u be z(0). Is 422*(-2 + 15/u + 0) composite?
False
Suppose 5*j - 10389 = -2*o, 5*o + 11247 - 837 = 5*j. Let q = j + -776. Is q a prime number?
True
Let x be (-109042)/14 - (0 - 16/(-56)). Let q = -5312 - x. Is q a composite number?
False
Let f be 1/4 - 486/24. Let k = f - -21. Is (-2 - -3)*k - (-1057 - -9) prime?
True
Suppose -5*j + 32*x + 442926 = 33*x, 52 = -13*x. Is j a prime number?
False
Suppose 0 = 14*l + 10*l - 5*l - 21223. Is l composite?
False
Let t(r) = 1 - 3*r + 2*r**3 - r**3 + 4 - 2*r**2. Let f = 84 + -78. Is t(f) a prime number?
True
Suppose 0 = 21*y - 7*y. Is (-3 + (y - -4))*(5231 + -4) a composite number?
False
Suppose 3*i - 412 = 5*g + 6*i, 164 = -2*g - 2*i. Let k = 120 + g. Is k a prime number?
True
Let w be (-3)/(-3)*(862 - -1). Let t = -1326 + 1322. Is -4 + t + w + -4 prime?
False
Let p be